205
What is the remainder when 1661 is divided by 829?
3
Calculate the remainder when 33 is divided by 25.
8
Calculate the remainder when 337 is divided by 148.
41
Calculate the remainder when 271 is divided by 21.
19
Calculate the remainder when 92 is divided by 20.
12
What is the remainder when 2386 is divided by 99?
10
Calculate the remainder when 63 is divided by 12.
3
What is the remainder when 736 is divided by 41?
39
What is the remainder when 765 is divided by 254?
3
What is the remainder when 338 is divided by 86?
80
Calculate the remainder when 4449 is divided by 12.
9
What is the remainder when 220 is divided by 40?
20
What is the remainder when 676 is divided by 98?
88
Calculate the remainder when 521 is divided by 157.
50
Calculate the remainder when 258 is divided by 23.
5
What is the remainder when 2649 is divided by 78?
75
What is the remainder when 428 is divided by 26?
12
What is the remainder when 45196 is divided by 162?
160
Calculate the remainder when 119 is divided by 13.
2
What is the remainder when 884 is divided by 7?
2
Calculate the remainder when 65 is divided by 4.
1
Calculate the remainder when 6156 is divided by 257.
245
Calculate the remainder when 3168 is divided by 23.
17
Calculate the remainder when 771 is divided by 28.
15
What is the remainder when 48 is divided by 4?
0
What is the remainder when 494 is divided by 139?
77
What is the remainder when 724 is divided by 9?
4
What is the remainder when 493 is divided by 83?
78
Calculate the remainder when 472 is divided by 34.
30
What is the remainder when 681 is divided by 53?
45
Calculate the remainder when 7609 is divided by 14.
7
What is the remainder when 5640 is divided by 7?
5
What is the remainder when 973 is divided by 21?
7
Calculate the remainder when 5159 is divided by 12.
11
What is the remainder when 414 is divided by 28?
22
Calculate the remainder when 52 is divided by 3.
1
What is the remainder when 1147 is divided by 64?
59
What is the remainder when 126 is divided by 34?
24
Calculate the remainder when 60 is divided by 22.
16
What is the remainder when 1143 is divided by 231?
219
What is the remainder when 996 is divided by 107?
33
Calculate the remainder when 1990 is divided by 133.
128
What is the remainder when 735 is divided by 108?
87
Calculate the remainder when 354 is divided by 15.
9
Calculate the remainder when 3007 is divided by 1498.
11
What is the remainder when 155 is divided by 23?
17
What is the remainder when 223 is divided by 28?
27
Calculate the remainder when 7977 is divided by 76.
73
What is the remainder when 10767 is divided by 30?
27
Calculate the remainder when 59344 is divided by 415.
414
Calculate the remainder when 342 is divided by 158.
26
What is the remainder when 1346 is divided by 50?
46
Calculate the remainder when 6918 is divided by 17.
16
Calculate the remainder when 342 is divided by 29.
23
What is the remainder when 319 is divided by 20?
19
What is the remainder when 427 is divided by 13?
11
What is the remainder when 2300 is divided by 1150?
0
What is the remainder when 681 is divided by 98?
93
What is the remainder when 403 is divided by 120?
43
What is the remainder when 138 is divided by 10?
8
What is the remainder when 854 is divided by 406?
42
What is the remainder when 2589 is divided by 74?
73
What is the remainder when 18755 is divided by 37?
33
What is the remainder when 167 is divided by 65?
37
What is the remainder when 63 is divided by 29?
5
Calculate the remainder when 168 is divided by 50.
18
What is the remainder when 768 is divided by 147?
33
What is the remainder when 112 is divided by 46?
20
What is the remainder when 620 is divided by 88?
4
What is the remainder when 572 is divided by 41?
39
Calculate the remainder when 11389 is divided by 128.
125
What is the remainder when 417 is divided by 19?
18
What is the remainder when 176 is divided by 40?
16
Calculate the remainder when 349 is divided by 22.
19
What is the remainder when 3255 is divided by 148?
147
Calculate the remainder when 143 is divided by 30.
23
What is the remainder when 834 is divided by 24?
18
What is the remainder when 57 is divided by 3?
0
Calculate the remainder when 36 is divided by 2.
0
What is the remainder when 494 is divided by 450?
44
Calculate the remainder when 81 is divided by 28.
25
What is the remainder when 751 is divided by 250?
1
What is the remainder when 1256 is divided by 85?
66
What is the remainder when 318 is divided by 39?
6
Calculate the remainder when 59 is divided by 4.
3
What is the remainder when 38 is divided by 22?
16
Calculate the remainder when 80 is divided by 52.
28
Calculate the remainder when 236 is divided by 33.
5
Calculate the remainder when 435 is divided by 40.
35
What is the remainder when 266 is divided by 64?
10
Calculate the remainder when 59 is divided by 6.
5
What is the remainder when 142 is divided by 16?
14
What is the remainder when 1039 is divided by 211?
195
What is the remainder when 11548 is divided by 32?
28
What is the remainder when 154 is divided by 12?
10
What is the remainder when 4950 is divided by 1643?
21
What is the remainder when 859 is divided by 46?
31
What is the remainder when 151 is divided by 131?
20
What is the remainder when 1114 is divided by 148?
78
Calculate the remainder when 123 is divided by 17.
4
What is the remainder when 402 is divided by 133?
3
Calculate the remainder when 446 is divided by 56.
54
What is the remainder when 77487 is divided by 123?
120
Calculate the remainder when 8583 is divided by 54.
51
Calculate the remainder when 116 is divided by 55.
6
What is the remainder when 227 is divided by 226?
1
Calculate the remainder when 1108 is divided by 40.
28
What is the remainder when 21 is divided by 18?
3
Calculate the remainder when 59 is divided by 7.
3
Calculate the remainder when 152 is divided by 79.
73
Calculate the remainder when 24046 is divided by 185.
181
What is the remainder when 627 is divided by 42?
39
What is the remainder when 223 is divided by 169?
54
Calculate the remainder when 854 is divided by 143.
139
What is the remainder when 173 is divided by 59?
55
Calculate the remainder when 575 is divided by 72.
71
Calculate the remainder when 113 is divided by 19.
18
What is the remainder when 2487 is divided by 30?
27
Calculate the remainder when 124 is divided by 6.
4
What is the remainder when 16090 is divided by 133?
130
What is the remainder when 9 is divided by 1?
0
What is the remainder when 89 is divided by 45?
44
Calculate the remainder when 162 is divided by 56.
50
What is the remainder when 1781 is divided by 128?
117
What is the remainder when 12582 is divided by 8?
6
Calculate the remainder when 273 is divided by 11.
9
What is the remainder when 4906 is divided by 41?
27
Calculate the remainder when 246 is divided by 69.
39
Calculate the remainder when 422 is divided by 53.
51
What is the remainder when 105 is divided by 74?
31
Calculate the remainder when 35 is divided by 9.
8
What is the remainder when 588 is divided by 103?
73
What is the remainder when 2289 is divided by 190?
9
What is the remainder when 2498 is divided by 41?
38
What is the remainder when 272 is divided by 7?
6
Calculate the remainder when 147 is divided by 18.
3
What is the remainder when 139 is divided by 36?
31
Calculate the remainder when 466 is divided by 4.
2
What is the remainder when 36 is divided by 19?
17
What is the remainder when 160 is divided by 27?
25
What is the remainder when 280 is divided by 113?
54
Calculate the remainder when 40 is divided by 2.
0
What is the remainder when 248 is divided by 14?
10
What is the remainder when 211 is divided by 38?
21
Calculate the remainder when 1255 is divided by 31.
15
Calculate the remainder when 210 is divided by 3.
0
What is the remainder when 11129 is divided by 105?
104
Calculate the remainder when 183 is divided by 28.
15
Calculate the remainder when 1229 is divided by 43.
25
What is the remainder when 884 is divided by 89?
83
Calculate the remainder when 546 is divided by 100.
46
Calculate the remainder when 3943 is divided by 120.
103
Calculate the remainder when 112 is divided by 29.
25
What is the remainder when 507 is divided by 180?
147
Calculate the remainder w